{"id":50944,"date":"2021-12-29T16:23:43","date_gmt":"2021-12-29T19:23:43","guid":{"rendered":"https:\/\/militares.estrategia.com\/portal\/entidade\/espcex\/"},"modified":"2022-06-08T17:22:23","modified_gmt":"2022-06-08T20:22:23","slug":"espcex","status":"publish","type":"entity","link":"https:\/\/militares.estrategia.com\/portal\/entidade\/espcex\/","title":{"rendered":"EsPCEx"},"content":{"rendered":"\n<p><strong>O aluno realiza seu primeiro ano da Escola Preparat\u00f3ria de Cadetes do Ex\u00e9rcito em Campinas<\/strong>, recebendo o t\u00edtulo de aluno. Nos pr\u00f3ximos quatro anos, o aluno frequenta a Academia das Agulhas Negras (<a href=\"https:\/\/militares.estrategia.com\/portal\/entidade\/academia-militar-das-agulhas-negras\/\">AMAN<\/a>) no Rio de Janeiro, e&nbsp;<strong>recebe o t\u00edtulo de Cadete<\/strong>.<\/p>\n\n\n\n<p>Os candidatos do sexo masculino podem escolher os cursos de:<\/p>\n\n\n\n<ul class=\"wp-block-list\"><li>Infantaria;<\/li><li>Cavalaria;<\/li><li>Artilharia;<\/li><li>Engenharia;<\/li><li>Comunica\u00e7\u00f5es;<\/li><li>Intend\u00eancia; e<\/li><li>Material B\u00e9lico.<\/li><\/ul>\n\n\n\n<p>J\u00e1 as candidatas do sexo feminino, podem escolher entre:&nbsp;<\/p>\n\n\n\n<ul class=\"wp-block-list\"><li>Curso de Intend\u00eancia; e&nbsp;<\/li><li>Material B\u00e9lico.<\/li><\/ul>\n","protected":false},"excerpt":{"rendered":"O aluno realiza seu primeiro ano da Escola Preparat\u00f3ria de Cadetes do Ex\u00e9rcito em Campinas, recebendo o t\u00edtulo&hellip;\n","protected":false},"author":58,"featured_media":30349,"comment_status":"closed","ping_status":"closed","template":"","meta":{"wl_entities_gutenberg":"","footnotes":""},"categories":[],"wl_entity_type":[179],"class_list":{"0":"post-50944","1":"entity","2":"type-entity","3":"status-publish","4":"has-post-thumbnail","6":"wl_entity_type-thing"},"acf":[],"yoast_head":"<!-- This site is optimized with the Yoast SEO Premium plugin v26.6 (Yoast SEO v26.6) - https:\/\/yoast.com\/wordpress\/plugins\/seo\/ -->\n<title>EsPCEx - Escola Preparat\u00f3ria de Cadetes do Ex\u00e9rcito<\/title>\n<meta name=\"description\" content=\"O aluno realiza seu primeiro ano da Escola Preparat\u00f3ria de Cadetes do Ex\u00e9rcito em Campinas, recebendo o t\u00edtulo de aluno\" \/>\n<meta name=\"robots\" content=\"noindex, follow\" \/>\n<meta property=\"og:locale\" content=\"pt_BR\" \/>\n<meta property=\"og:type\" content=\"article\" \/>\n<meta property=\"og:title\" content=\"EsPCEx\" \/>\n<meta property=\"og:description\" content=\"O aluno realiza seu primeiro ano da Escola Preparat\u00f3ria de Cadetes do Ex\u00e9rcito em Campinas, recebendo o t\u00edtulo de aluno\" \/>\n<meta property=\"og:url\" content=\"https:\/\/militares.estrategia.com\/portal\/entidade\/espcex\/\" \/>\n<meta property=\"og:site_name\" content=\"Estrat\u00e9gia Militares\" \/>\n<meta property=\"article:publisher\" content=\"https:\/\/www.facebook.com\/EstrategiaMilitares\" \/>\n<meta property=\"article:modified_time\" content=\"2022-06-08T20:22:23+00:00\" \/>\n<meta property=\"og:image\" content=\"https:\/\/militares.estrategia.com\/portal\/wp-content\/uploads\/2019\/10\/prova-espcex.png\" \/>\n\t<meta property=\"og:image:width\" content=\"1\" \/>\n\t<meta property=\"og:image:height\" content=\"1\" \/>\n\t<meta property=\"og:image:type\" content=\"image\/png\" \/>\n<meta name=\"twitter:card\" content=\"summary_large_image\" \/>\n<meta name=\"twitter:site\" content=\"@estrategiamilit\" \/>\n<meta name=\"twitter:label1\" content=\"Est. tempo de leitura\" \/>\n\t<meta name=\"twitter:data1\" content=\"1 minuto\" \/>\n<script type=\"application\/ld+json\" class=\"yoast-schema-graph\">{\"@context\":\"https:\/\/schema.org\",\"@graph\":[{\"@type\":\"WebPage\",\"@id\":\"https:\/\/militares.estrategia.com\/portal\/entidade\/espcex\/\",\"url\":\"https:\/\/militares.estrategia.com\/portal\/entidade\/espcex\/\",\"name\":\"EsPCEx - Escola Preparat\u00f3ria de Cadetes do Ex\u00e9rcito\",\"isPartOf\":{\"@id\":\"https:\/\/militares.estrategia.com\/portal\/#website\"},\"primaryImageOfPage\":{\"@id\":\"https:\/\/militares.estrategia.com\/portal\/entidade\/espcex\/#primaryimage\"},\"image\":{\"@id\":\"https:\/\/militares.estrategia.com\/portal\/entidade\/espcex\/#primaryimage\"},\"thumbnailUrl\":\"https:\/\/militares.estrategia.com\/portal\/wp-content\/uploads\/2019\/10\/prova-espcex.png\",\"datePublished\":\"2021-12-29T19:23:43+00:00\",\"dateModified\":\"2022-06-08T20:22:23+00:00\",\"description\":\"O aluno realiza seu primeiro ano da Escola Preparat\u00f3ria de Cadetes do Ex\u00e9rcito em Campinas, recebendo o t\u00edtulo de aluno\",\"breadcrumb\":{\"@id\":\"https:\/\/militares.estrategia.com\/portal\/entidade\/espcex\/#breadcrumb\"},\"inLanguage\":\"pt-BR\",\"potentialAction\":[{\"@type\":\"ReadAction\",\"target\":[\"https:\/\/militares.estrategia.com\/portal\/entidade\/espcex\/\"]}]},{\"@type\":\"ImageObject\",\"inLanguage\":\"pt-BR\",\"@id\":\"https:\/\/militares.estrategia.com\/portal\/entidade\/espcex\/#primaryimage\",\"url\":\"https:\/\/militares.estrategia.com\/portal\/wp-content\/uploads\/2019\/10\/prova-espcex.png\",\"contentUrl\":\"https:\/\/militares.estrategia.com\/portal\/wp-content\/uploads\/2019\/10\/prova-espcex.png\",\"caption\":\"espcex\"},{\"@type\":\"BreadcrumbList\",\"@id\":\"https:\/\/militares.estrategia.com\/portal\/entidade\/espcex\/#breadcrumb\",\"itemListElement\":[{\"@type\":\"ListItem\",\"position\":1,\"name\":\"Home\",\"item\":\"https:\/\/militares.estrategia.com\/portal\/\"},{\"@type\":\"ListItem\",\"position\":2,\"name\":\"EsPCEx\"}]},{\"@type\":\"WebSite\",\"@id\":\"https:\/\/militares.estrategia.com\/portal\/#website\",\"url\":\"https:\/\/militares.estrategia.com\/portal\/\",\"name\":\"Estrat\u00e9gia Militares\",\"description\":\"\",\"publisher\":{\"@id\":\"https:\/\/militares.estrategia.com\/portal\/#organization\"},\"potentialAction\":[{\"@type\":\"SearchAction\",\"target\":{\"@type\":\"EntryPoint\",\"urlTemplate\":\"https:\/\/militares.estrategia.com\/portal\/?s={search_term_string}\"},\"query-input\":{\"@type\":\"PropertyValueSpecification\",\"valueRequired\":true,\"valueName\":\"search_term_string\"}}],\"inLanguage\":\"pt-BR\"},{\"@type\":\"Organization\",\"@id\":\"https:\/\/militares.estrategia.com\/portal\/#organization\",\"name\":\"Estrat\u00e9gia Militares\",\"url\":\"https:\/\/militares.estrategia.com\/portal\/\",\"logo\":{\"@type\":\"ImageObject\",\"inLanguage\":\"pt-BR\",\"@id\":\"https:\/\/militares.estrategia.com\/portal\/#\/schema\/logo\/image\/\",\"url\":\"https:\/\/militares.estrategia.com\/portal\/wp-content\/uploads\/2021\/10\/logo-militares.webp\",\"contentUrl\":\"https:\/\/militares.estrategia.com\/portal\/wp-content\/uploads\/2021\/10\/logo-militares.webp\",\"width\":346,\"height\":90,\"caption\":\"Estrat\u00e9gia Militares\"},\"image\":{\"@id\":\"https:\/\/militares.estrategia.com\/portal\/#\/schema\/logo\/image\/\"},\"sameAs\":[\"https:\/\/www.facebook.com\/EstrategiaMilitares\",\"https:\/\/x.com\/estrategiamilit\",\"https:\/\/www.instagram.com\/estrategiamilitares\/\",\"https:\/\/www.youtube.com\/channel\/UCRG_9hakCqXxnj_8TqCdgTA\"]}]}<\/script>\n<!-- \/ Yoast SEO Premium plugin. -->","yoast_head_json":{"title":"EsPCEx - Escola Preparat\u00f3ria de Cadetes do Ex\u00e9rcito","description":"O aluno realiza seu primeiro ano da Escola Preparat\u00f3ria de Cadetes do Ex\u00e9rcito em Campinas, recebendo o t\u00edtulo de aluno","robots":{"index":"noindex","follow":"follow"},"og_locale":"pt_BR","og_type":"article","og_title":"EsPCEx","og_description":"O aluno realiza seu primeiro ano da Escola Preparat\u00f3ria de Cadetes do Ex\u00e9rcito em Campinas, recebendo o t\u00edtulo de aluno","og_url":"https:\/\/militares.estrategia.com\/portal\/entidade\/espcex\/","og_site_name":"Estrat\u00e9gia Militares","article_publisher":"https:\/\/www.facebook.com\/EstrategiaMilitares","article_modified_time":"2022-06-08T20:22:23+00:00","og_image":[{"url":"https:\/\/militares.estrategia.com\/portal\/wp-content\/uploads\/2019\/10\/prova-espcex.png","width":1,"height":1,"type":"image\/png"}],"twitter_card":"summary_large_image","twitter_site":"@estrategiamilit","twitter_misc":{"Est. tempo de leitura":"1 minuto"},"schema":{"@context":"https:\/\/schema.org","@graph":[{"@type":"WebPage","@id":"https:\/\/militares.estrategia.com\/portal\/entidade\/espcex\/","url":"https:\/\/militares.estrategia.com\/portal\/entidade\/espcex\/","name":"EsPCEx - Escola Preparat\u00f3ria de Cadetes do Ex\u00e9rcito","isPartOf":{"@id":"https:\/\/militares.estrategia.com\/portal\/#website"},"primaryImageOfPage":{"@id":"https:\/\/militares.estrategia.com\/portal\/entidade\/espcex\/#primaryimage"},"image":{"@id":"https:\/\/militares.estrategia.com\/portal\/entidade\/espcex\/#primaryimage"},"thumbnailUrl":"https:\/\/militares.estrategia.com\/portal\/wp-content\/uploads\/2019\/10\/prova-espcex.png","datePublished":"2021-12-29T19:23:43+00:00","dateModified":"2022-06-08T20:22:23+00:00","description":"O aluno realiza seu primeiro ano da Escola Preparat\u00f3ria de Cadetes do Ex\u00e9rcito em Campinas, recebendo o t\u00edtulo de aluno","breadcrumb":{"@id":"https:\/\/militares.estrategia.com\/portal\/entidade\/espcex\/#breadcrumb"},"inLanguage":"pt-BR","potentialAction":[{"@type":"ReadAction","target":["https:\/\/militares.estrategia.com\/portal\/entidade\/espcex\/"]}]},{"@type":"ImageObject","inLanguage":"pt-BR","@id":"https:\/\/militares.estrategia.com\/portal\/entidade\/espcex\/#primaryimage","url":"https:\/\/militares.estrategia.com\/portal\/wp-content\/uploads\/2019\/10\/prova-espcex.png","contentUrl":"https:\/\/militares.estrategia.com\/portal\/wp-content\/uploads\/2019\/10\/prova-espcex.png","caption":"espcex"},{"@type":"BreadcrumbList","@id":"https:\/\/militares.estrategia.com\/portal\/entidade\/espcex\/#breadcrumb","itemListElement":[{"@type":"ListItem","position":1,"name":"Home","item":"https:\/\/militares.estrategia.com\/portal\/"},{"@type":"ListItem","position":2,"name":"EsPCEx"}]},{"@type":"WebSite","@id":"https:\/\/militares.estrategia.com\/portal\/#website","url":"https:\/\/militares.estrategia.com\/portal\/","name":"Estrat\u00e9gia Militares","description":"","publisher":{"@id":"https:\/\/militares.estrategia.com\/portal\/#organization"},"potentialAction":[{"@type":"SearchAction","target":{"@type":"EntryPoint","urlTemplate":"https:\/\/militares.estrategia.com\/portal\/?s={search_term_string}"},"query-input":{"@type":"PropertyValueSpecification","valueRequired":true,"valueName":"search_term_string"}}],"inLanguage":"pt-BR"},{"@type":"Organization","@id":"https:\/\/militares.estrategia.com\/portal\/#organization","name":"Estrat\u00e9gia Militares","url":"https:\/\/militares.estrategia.com\/portal\/","logo":{"@type":"ImageObject","inLanguage":"pt-BR","@id":"https:\/\/militares.estrategia.com\/portal\/#\/schema\/logo\/image\/","url":"https:\/\/militares.estrategia.com\/portal\/wp-content\/uploads\/2021\/10\/logo-militares.webp","contentUrl":"https:\/\/militares.estrategia.com\/portal\/wp-content\/uploads\/2021\/10\/logo-militares.webp","width":346,"height":90,"caption":"Estrat\u00e9gia Militares"},"image":{"@id":"https:\/\/militares.estrategia.com\/portal\/#\/schema\/logo\/image\/"},"sameAs":["https:\/\/www.facebook.com\/EstrategiaMilitares","https:\/\/x.com\/estrategiamilit","https:\/\/www.instagram.com\/estrategiamilitares\/","https:\/\/www.youtube.com\/channel\/UCRG_9hakCqXxnj_8TqCdgTA"]}]}},"_wl_alt_label":["EsPCEX"],"wl:entity_url":"https:\/\/data.wordlift.io\/wl110246\/entity\/espcex","_links":{"self":[{"href":"https:\/\/militares.estrategia.com\/portal\/wp-json\/wp\/v2\/entities\/50944","targetHints":{"allow":["GET"]}}],"collection":[{"href":"https:\/\/militares.estrategia.com\/portal\/wp-json\/wp\/v2\/entities"}],"about":[{"href":"https:\/\/militares.estrategia.com\/portal\/wp-json\/wp\/v2\/types\/entity"}],"author":[{"embeddable":true,"href":"https:\/\/militares.estrategia.com\/portal\/wp-json\/wp\/v2\/users\/58"}],"replies":[{"embeddable":true,"href":"https:\/\/militares.estrategia.com\/portal\/wp-json\/wp\/v2\/comments?post=50944"}],"version-history":[{"count":10,"href":"https:\/\/militares.estrategia.com\/portal\/wp-json\/wp\/v2\/entities\/50944\/revisions"}],"predecessor-version":[{"id":53187,"href":"https:\/\/militares.estrategia.com\/portal\/wp-json\/wp\/v2\/entities\/50944\/revisions\/53187"}],"wp:featuredmedia":[{"embeddable":true,"href":"https:\/\/militares.estrategia.com\/portal\/wp-json\/wp\/v2\/media\/30349"}],"wp:attachment":[{"href":"https:\/\/militares.estrategia.com\/portal\/wp-json\/wp\/v2\/media?parent=50944"}],"wp:term":[{"taxonomy":"category","embeddable":true,"href":"https:\/\/militares.estrategia.com\/portal\/wp-json\/wp\/v2\/categories?post=50944"},{"taxonomy":"wl_entity_type","embeddable":true,"href":"https:\/\/militares.estrategia.com\/portal\/wp-json\/wp\/v2\/wl_entity_type?post=50944"}],"curies":[{"name":"wp","href":"https:\/\/api.w.org\/{rel}","templated":true}]}}

<p><strong>O aluno realiza seu primeiro ano da Escola Preparatória de Cadetes do Exército em Campinas</strong>, recebendo o título de aluno. Nos próximos quatro anos, o aluno frequenta a Academia das Agulhas Negras (<a href="https://militares.estrategia.com/portal/entidade/academia-militar-das-agulhas-negras/">AMAN</a>) no Rio de Janeiro, e&nbsp;<strong>recebe o título de Cadete</strong>.</p>



<p>Os candidatos do sexo masculino podem escolher os cursos de:</p>



<ul class="wp-block-list"><li>Infantaria;</li><li>Cavalaria;</li><li>Artilharia;</li><li>Engenharia;</li><li>Comunicações;</li><li>Intendência; e</li><li>Material Bélico.</li></ul>



<p>Já as candidatas do sexo feminino, podem escolher entre:&nbsp;</p>



<ul class="wp-block-list"><li>Curso de Intendência; e&nbsp;</li><li>Material Bélico.</li></ul>

O aluno realiza seu primeiro ano da Escola Preparatória de Cadetes do Exército em Campinas, recebendo o título&hellip;

<!-- This site is optimized with the Yoast SEO Premium plugin v26.6 (Yoast SEO v26.6) - https://yoast.com/wordpress/plugins/seo/ -->
<title>EsPCEx - Escola Preparatória de Cadetes do Exército</title>
<meta name="description" content="O aluno realiza seu primeiro ano da Escola Preparatória de Cadetes do Exército em Campinas, recebendo o título de aluno" />
<meta name="robots" content="noindex, follow" />
<meta property="og:locale" content="pt_BR" />
<meta property="og:type" content="article" />
<meta property="og:title" content="EsPCEx" />
<meta property="og:description" content="O aluno realiza seu primeiro ano da Escola Preparatória de Cadetes do Exército em Campinas, recebendo o título de aluno" />
<meta property="og:url" content="https://militares.estrategia.com/portal/entidade/espcex/" />
<meta property="og:site_name" content="Estratégia Militares" />
<meta property="article:publisher" content="https://www.facebook.com/EstrategiaMilitares" />
<meta property="article:modified_time" content="2022-06-08T20:22:23+00:00" />
<meta property="og:image" content="https://militares.estrategia.com/portal/wp-content/uploads/2019/10/prova-espcex.png" />
	<meta property="og:image:width" content="1" />
	<meta property="og:image:height" content="1" />
	<meta property="og:image:type" content="image/png" />
<meta name="twitter:card" content="summary_large_image" />
<meta name="twitter:site" content="@estrategiamilit" />
<meta name="twitter:label1" content="Est. tempo de leitura" />
	<meta name="twitter:data1" content="1 minuto" />
<script type="application/ld+json" class="yoast-schema-graph">{"@context":"https://schema.org","@graph":[{"@type":"WebPage","@id":"https://militares.estrategia.com/portal/entidade/espcex/","url":"https://militares.estrategia.com/portal/entidade/espcex/","name":"EsPCEx - Escola Preparatória de Cadetes do Exército","isPartOf":{"@id":"https://militares.estrategia.com/portal/#website"},"primaryImageOfPage":{"@id":"https://militares.estrategia.com/portal/entidade/espcex/#primaryimage"},"image":{"@id":"https://militares.estrategia.com/portal/entidade/espcex/#primaryimage"},"thumbnailUrl":"https://militares.estrategia.com/portal/wp-content/uploads/2019/10/prova-espcex.png","datePublished":"2021-12-29T19:23:43+00:00","dateModified":"2022-06-08T20:22:23+00:00","description":"O aluno realiza seu primeiro ano da Escola Preparatória de Cadetes do Exército em Campinas, recebendo o título de aluno","breadcrumb":{"@id":"https://militares.estrategia.com/portal/entidade/espcex/#breadcrumb"},"inLanguage":"pt-BR","potentialAction":[{"@type":"ReadAction","target":["https://militares.estrategia.com/portal/entidade/espcex/"]}]},{"@type":"ImageObject","inLanguage":"pt-BR","@id":"https://militares.estrategia.com/portal/entidade/espcex/#primaryimage","url":"https://militares.estrategia.com/portal/wp-content/uploads/2019/10/prova-espcex.png","contentUrl":"https://militares.estrategia.com/portal/wp-content/uploads/2019/10/prova-espcex.png","caption":"espcex"},{"@type":"BreadcrumbList","@id":"https://militares.estrategia.com/portal/entidade/espcex/#breadcrumb","itemListElement":[{"@type":"ListItem","position":1,"name":"Home","item":"https://militares.estrategia.com/portal/"},{"@type":"ListItem","position":2,"name":"EsPCEx"}]},{"@type":"WebSite","@id":"https://militares.estrategia.com/portal/#website","url":"https://militares.estrategia.com/portal/","name":"Estratégia Militares","description":"","publisher":{"@id":"https://militares.estrategia.com/portal/#organization"},"potentialAction":[{"@type":"SearchAction","target":{"@type":"EntryPoint","urlTemplate":"https://militares.estrategia.com/portal/?s={search_term_string}"},"query-input":{"@type":"PropertyValueSpecification","valueRequired":true,"valueName":"search_term_string"}}],"inLanguage":"pt-BR"},{"@type":"Organization","@id":"https://militares.estrategia.com/portal/#organization","name":"Estratégia Militares","url":"https://militares.estrategia.com/portal/","logo":{"@type":"ImageObject","inLanguage":"pt-BR","@id":"https://militares.estrategia.com/portal/#/schema/logo/image/","url":"https://militares.estrategia.com/portal/wp-content/uploads/2021/10/logo-militares.webp","contentUrl":"https://militares.estrategia.com/portal/wp-content/uploads/2021/10/logo-militares.webp","width":346,"height":90,"caption":"Estratégia Militares"},"image":{"@id":"https://militares.estrategia.com/portal/#/schema/logo/image/"},"sameAs":["https://www.facebook.com/EstrategiaMilitares","https://x.com/estrategiamilit","https://www.instagram.com/estrategiamilitares/","https://www.youtube.com/channel/UCRG_9hakCqXxnj_8TqCdgTA"]}]}</script>
<!-- / Yoast SEO Premium plugin. -->

EsPCEx - Escola Preparatória de Cadetes do Exército

O aluno realiza seu primeiro ano da Escola Preparatória de Cadetes do Exército em Campinas, recebendo o título de aluno

Estratégia Militares
